2
In base 7, what is 1210412 + -3?
1210406
In base 6, what is 554123 - 4?
554115
In base 4, what is -110120103 + -10?
-110120113
In base 10, what is -18274 - 6?
-18280
In base 10, what is -30171 - -3?
-30168
In base 2, what is -1010100 + -101011101?
-110110001
In base 13, what is -2c53 - 2?
-2c55
In base 2, what is 110 + 10011001011000?
10011001011110
In base 6, what is -11453 + 231?
-11222
In base 11, what is -2393 - 1?
-2394
In base 12, what is 30a + 432?
740
In base 7, what is 51303 + 3?
51306
In base 11, what is -228aa5 + 1?
-228aa4
In base 10, what is -306090 - 5?
-306095
In base 4, what is -332 + 123012?
122020
In base 14, what is 4 + -2a4d4?
-2a4d0
In base 9, what is -2782 + 4?
-2777
In base 6, what is 101 - -110?
211
In base 11, what is 1 + 191a26?
191a27
In base 3, what is -1101 + -1022201?
-1101002
In base 7, what is 1 - -15621?
15622
In base 4, what is 10 - -120031220?
120031230
In base 10, what is 44847 - 0?
44847
In base 15, what is -4 + -ebb01?
-ebb05
In base 11, what is 4 - -6322?
6326
In base 3, what is 10 - -2110201122?
2110201202
In base 11, what is 1a58 - 50?
1a08
In base 2, what is 101111 + 110110110010?
110111100001
In base 15, what is 5 - 1a9cad?
-1a9ca8
In base 15, what is -8eca4 - 5?
-8eca9
In base 3, what is -111011020121 + 0?
-111011020121
In base 4, what is 220302301 - -13?
220302320
In base 11, what is 212 + -300?
-99
In base 4, what is -1 - -2131120?
2131113
In base 6, what is -2211415 + 24?
-2211351
In base 9, what is 8723 + -2?
8721
In base 6, what is -31 + -13345?
-13420
In base 4, what is -3 + -333301312?
-333301321
In base 6, what is -455550 + -21?
-500011
In base 9, what is 742 + 142?
884
In base 2, what is 1011110110101011 - 100?
1011110110100111
In base 11, what is -172a + 18?
-1712
In base 4, what is -212203310 + -111?
-212210021
In base 14, what is -1 - -204bd6?
204bd5
In base 8, what is 65614 + -107?
65505
In base 9, what is 2241268 + 1?
2241270
In base 2, what is 11 - -111110111111011?
111110111111110
In base 6, what is 313512 - 1?
313511
In base 2, what is 0 + 1111010010111?
1111010010111
In base 9, what is 353264 - 13?
353251
In base 13, what is -1 + -347?
-348
In base 6, what is 12 + 1411323?
1411335
In base 4, what is 11301 + -1011?
10230
In base 10, what is -4 + -196430?
-196434
In base 13, what is -269a40 - -3?
-269a3a
In base 11, what is a6 + 8aa?
9a5
In base 15, what is 11d15c + -3?
11d159
In base 2, what is -100101 - -11101011?
11000110
In base 8, what is -1156 - -13474?
12316
In base 9, what is -351 - -2181?
1730
In base 15, what is 221 + 7?
228
In base 13, what is 2 + -4a569?
-4a567
In base 6, what is 42 + 211431?
211513
In base 11, what is -6593 - 2?
-6595
In base 2, what is -10111010010000111 + 10?
-10111010010000101
In base 8, what is -35 - -112745?
112710
In base 6, what is 1315 - 1532?
-213
In base 7, what is 630 + -45?
552
In base 4, what is -2101133 + 332?
-2100201
In base 6, what is 330524 - -4?
330532
In base 5, what is 110312 + 422?
111234
In base 11, what is 8123 - -a?
8132
In base 13, what is 67b2 + 24?
6806
In base 6, what is 115245 + 12?
115301
In base 6, what is -311543 + 1?
-311542
In base 12, what is 4 + 668a?
6692
In base 15, what is 23c + 17?
254
In base 15, what is -29c26 + 0?
-29c26
In base 7, what is -1620 + 41?
-1546
In base 14, what is -15 + -5011?
-5026
In base 12, what is 3 - 4546?
-4543
In base 8, what is 6475 - 152?
6323
In base 6, what is -5 + 10523022?
10523013
In base 7, what is -2236612 + -5?
-2236620
In base 4, what is -11230232 - 0?
-11230232
In base 6, what is -4403545 - 0?
-4403545
In base 13, what is 24ba + 23?
2510
In base 10, what is 14336 + -192?
14144
In base 16, what is 233 + 24e5?
2718
In base 4, what is 3232001 - -10?
3232011
In base 3, what is -1011201 - 10110020?
-11121221
In base 2, what is 100 + 10111000100100011110?
10111000100100100010
In base 4, what is 1121300 - -11?
1121311
In base 12, what is 3 + 5b3?
5b6
In base 14, what is 4 - -1cdc0?
1cdc4
In base 2, what is -1000 - 1000001101100001101?
-1000001101100010101
In base 16, what is 1 - 29d8?
-29d7
In base 14, what is -2 + 1d9794?
1d9792
In base 10, what is -1 + 34713?
34712
In base 2, what is 10101100 - -111011010?
1010000110
In base 14, what is -27 - -527b?
5254
In base 16, what is 57557 - 0?
57557
In base 12, what is 33231 - 0?
33231
In base 6, what is 201 + -1403?
-1202
In base 9, what is 18 - 38211?
-38182
In base 13, what is 95 + 71?
136
In base 9, what is -11 + 38650?
38638
In base 10, what is 2 - 556?
-554
In base 12, what is 4 + 114722?
114726
In base 12, what is 59a - 11?
589
In base 10, what is -9075474 - 1?
-9075475
In base 11, what is 508 + 1031?
1539
In base 14, what is -7c - 10?
-8c
In base 9, what is 1604 + 537?
2242
In base 6, what is -403 - -1152?
345
In base 14, what is -9b - -142d?
1372
In base 2, what is -101001011 + 100110101?
-10110
In base 12, what is -169 + a6?
-83
In base 2, what is 100000111000 - 0?
100000111000
In base 6, what is -22415133 + 1?
-22415132
In base 5, what is 2 - 1100440?
-1100433
In base 9, what is -5480 + -43?
-5533
In base 13, what is 9 + -83ac?
-83a3
In base 7, what is -605131 + 1?
-605130
In base 3, what is 12220002 + -20?
12212212
In base 13, what is 15724 - 5?
1571c
In base 9, what is -514142 + 0?
-514142
In base 16, what is 1da6 - -d?
1db3
In base 10, what is 1180115 + -2?
1180113
In base 9, what is 8760 - 21?
8738
In base 8, what is 3633 + -5?
3626
In base 11, what is -601 + 6?
-5a6
In base 4, what is 30 - -122023?
122113
In base 13, what is 6b278 - 5?
6b273
In base 15, what is -7 - 1ad4?
-1adb
In base 15, what is 5 - -6e8d?
6e93
In base 9, what is 62 - -30705?
30767
In base 2, what is 11110011000101 + -100?
11110011000001
In base 6, what is -415 + 401?
-14
In base 7, what is -2264 + -216?
-2513
In base 2, what is -100 + 10001101010100?
10001101010000
In base 9, what is 253752 - 2?
253750
In base 14, what is -7 + 12d2?
12c9
In base 14, what is 56b + -142?
429
In base 15, what is 4 + -6bce?
-6bca
In base 10, what is 6891 + -8?
6883
In base 12, what is -198 - 326?
-502
In base 9, what is 400785 - 3?
400782
In base 12, what is 0 + 99272?
99272
In base 4, what is -332 + -3?
-1001
In base 13, what is 4 + 6870?
6874
In base 5, what is -141 + -10004?
-10200
In base 13, what is 26 - -1c0ca?
1c123
In base 5, what is 11042011 + -3?
11042003
In base 15, what is -13 + -15ee?
-1612
In base 8, what is 736 - -1171?
2127
In base 7, what is 62 + -3232?
-3140
In base 11, what is -21734 + -9?
-21742
In base 4, what is -2 + 12033111?
12033103
In base 15, what is -5aea + 2?
-5ae8
In base 10, what is -20 - -51743?
51723
In base 13, what is 2670b - 1?
2670a
In base 15, what is 4 + 69795?
69799
In base 14, what is ab + 8d?
15a
In base 5, what is -1222 + -22041?
-23313
In base 10, what is 4878123 - 0?
4878123
In base 2, what is 100000000011110 - 100?
100000000011010
In base 10, what is -2 - -30012?
30010
In base 7, what is -4 - -55563?
55556
In base 3, what is 12121220 - 1?
12121212
In base 12, what is -29 - -11a9?
1180
In base 2, what is 11 + -101011011110110?
-101011011110011
In base 6, what is -2 + -12414243?
-12414245
In base 10, what is 60 + 1247?
1307
In base 3, what is -11001 - 10000011?
-10011012
In base 15, what is -12394 + -16?
-123aa
In base 3, what is -102101 + 10001012?
2121211
In base 5, what is -3202132301 + -1?
-3202132302
In base 10, what is -1 + 163482?
163481
In base 12, what is b0a90 - 5?
b0a87
In base 6, what is 442430 - 10?
442420
In base 13, what is -32 + -1270?
-12a2
In base 2, what is -10000001010101 + -110?
-10000001011011
In base 16, what is -3 + -3304?
-3307
In base 7, what is 62 - 10523?
-10431
In base 10, what is 27 + 943?
970
In base 16, what is -17 - -d72d?
d716
In base 14, what is 46d63 - 12?
46d51
In base 7, what is 4653234 - -5?
4653242
In base 13, what is -b + -1a92b?
-1a939
In base 16, what is -11e + -b47?
-c65
In base 13, what is -3 - 34a2?
-34a5
In base 5, what is 1142030 + -1330?
1140200
In base 16, what is b + -4b1?
-4a6
In base 14, what is 1 + 2a369?
2a36a
In base 4, what is -12 + 20012313?
20012301
In base 4, what is -210212 + 0?
-210212
In base 4, what is -12 + 23202233?
23202221
In base 11, what is 1736 + 5?
1740
In base 16, what is af5d - -1?
af5e
In base 2, what is 100 - -11110111111100?
11111000000000
In base 3, wh